{"id":294,"date":"2017-05-17T10:46:33","date_gmt":"2017-05-17T07:46:33","guid":{"rendered":"http:\/\/senolerdener.com\/vezamandurdu\/?page_id=294"},"modified":"2020-09-24T10:01:19","modified_gmt":"2020-09-24T07:01:19","slug":"temel-fotograf-egitimi","status":"publish","type":"page","link":"https:\/\/senolerdener.com\/vezamandurdu\/temel-fotograf-egitimi\/","title":{"rendered":"TEMEL FOTO\u011eRAF KURSU"},"content":{"rendered":"<h2>Trabzon\u2019da\u00a0\u00a0 Foto\u011fraf\u00e7\u0131l\u0131k\u00a0 KURSU<\/h2>\n<p>Trabzonda foto\u011fraf\u00e7\u0131l\u0131k e\u011fitiminizi \u00f6zel olarak Foto\u011fraf sanat\u00e7\u0131s\u0131, tecr\u00fcbeli e\u011fitmen \u015eenol Erdener&#8217;den alabilirsiniz.<br \/>\nBu e\u011fitim temel foto\u011fraf\u00e7\u0131l\u0131k, foto\u011fraf makinesi hakimiyet sa\u011flay\u0131c\u0131 \u00a0detayl\u0131 ayarlar konular\u0131nda \u00d6ZEL dersler i\u00e7ermektedir.<br \/>\nUnutmay\u0131n; Foto\u011fraf sevgisi yaratan B\u0130REB\u0130R \u00d6ZEL e\u011fitimdir.<\/p>\n<div id=\"attachment_826\" style=\"width: 610px\" class=\"wp-caption aligncenter\"><img loading=\"lazy\" decoding=\"async\" aria-describedby=\"caption-attachment-826\" class=\"wp-image-826 size-medium\" src=\"http:\/\/senolerdener.com\/vezamandurdu\/wp-content\/uploads\/56456-600x333.jpg\" alt=\"\" width=\"600\" height=\"333\" srcset=\"https:\/\/senolerdener.com\/vezamandurdu\/wp-content\/uploads\/56456-600x333.jpg 600w, https:\/\/senolerdener.com\/vezamandurdu\/wp-content\/uploads\/56456-768x426.jpg 768w, https:\/\/senolerdener.com\/vezamandurdu\/wp-content\/uploads\/56456-508x282.jpg 508w, https:\/\/senolerdener.com\/vezamandurdu\/wp-content\/uploads\/56456.jpg 800w\" sizes=\"auto, (max-width: 600px) 100vw, 600px\" \/><p id=\"caption-attachment-826\" class=\"wp-caption-text\">Hedefinizde ne var? Bebek foto\u011fraf\u00e7\u0131l\u0131\u011f\u0131, \u00f6zel g\u00fcn veya hobi foto\u011fraf\u00e7\u0131l\u0131\u011f\u0131.. Samimi ba\u015flang\u0131\u00e7 ba\u015far\u0131l\u0131 sonu\u00e7lar bu e\u011fitimde.<\/p><\/div>\n<p>E\u011fitimler sizlerin tercihi ile size \u00f6zel tarihlerde de yap\u0131labilmektedir.<\/p>\n<p>4 ki\u015fi ile s\u0131n\u0131rl\u0131 Paket e\u011fitimlerde en yak\u0131n tarihler ektedir:<\/p>\n<p><strong>02 EK\u0130M 2020 Pazartesi 19:00-22:00 (Uygulamal\u0131 Teorik e\u011fitim)<\/strong><br \/>\n<strong>04 EK\u0130M 2020 \u00c7ar\u015famba 19:0<\/strong><strong>0-22:00 (Uygulamal\u0131 Teorik e\u011fitim)<\/strong><\/p>\n<p><strong>06 EK\u0130M 2020 Cuma 19:0<\/strong><strong>0-22:00 (Uygulamal\u0131 Teorik e\u011fitim)<\/strong><br \/>\n<strong>08 EK\u0130M 2020 Pazar 08:30-11:30 Foto\u011fraf \u00c7ekim Uygulamalar\u0131 ( uygulamal\u0131 \u00e7ekimlerle pratik e\u011fitim ) olarak yap\u0131lacakt\u0131r.\u00a0 <\/strong><\/p>\n<p><strong>\u00a0Temel foto\u011fraf\u00e7\u0131l\u0131k e\u011fitim kitab\u0131 hediyemizdir, kat\u0131l\u0131m sertifikas\u0131 verilmektedir. E\u011fitim 4 ki\u015fi ile SINIRLIDIR. Toplam e\u011fitim i\u00e7in \u00a0ki\u015fi ba\u015f\u0131 400TLdir.\u00a0<\/strong><\/p>\n<p><strong>( Tek ki\u015filik \u00f6zel e\u011fitimler i\u00e7in iki saatlik e\u011fitim \u00fccreti 200TL&#8217;dir)<\/strong><\/p>\n<p><strong>\u0130leti\u015fim: 05324089667<\/strong><\/p>\n<div id=\"attachment_827\" style=\"width: 610px\" class=\"wp-caption aligncenter\"><img loading=\"lazy\" decoding=\"async\" aria-describedby=\"caption-attachment-827\" class=\"wp-image-827 size-medium\" src=\"http:\/\/senolerdener.com\/vezamandurdu\/wp-content\/uploads\/65456-600x400.jpg\" alt=\"\" width=\"600\" height=\"400\" srcset=\"https:\/\/senolerdener.com\/vezamandurdu\/wp-content\/uploads\/65456-600x400.jpg 600w, https:\/\/senolerdener.com\/vezamandurdu\/wp-content\/uploads\/65456-508x339.jpg 508w, https:\/\/senolerdener.com\/vezamandurdu\/wp-content\/uploads\/65456.jpg 750w\" sizes=\"auto, (max-width: 600px) 100vw, 600px\" \/><p id=\"caption-attachment-827\" class=\"wp-caption-text\">Foto\u011fraf makinenizin t\u00fcm ayarlar\u0131na tamam\u0131yla hakimiyet sa\u011flay\u0131n<\/p><\/div>\n<p><strong style=\"line-height: 24px; color: #333333; font-size: 16px;\">E\u011fitim Konular\u0131<\/strong><\/p>\n<p>Diyafram, alan derinli\u011fi nedir?<br \/>\nEnstantane, uzun pozlama nedir?<br \/>\nISO nedir?<br \/>\nA\/S\/M modlar\u0131n\u0131 nas\u0131l kullan\u0131yoruz?<br \/>\nI\u015f\u0131k \u00f6l\u00e7\u00fcm Modlar\u0131<br \/>\nPozlama nas\u0131l yap\u0131lmal\u0131, nelere dikkat edilmeli?<br \/>\nDo\u011fru odaklama teknikleri ve modlar\u0131<br \/>\nBeyaz dengesi nas\u0131l ayarlan\u0131r, nelere dikkat edilmeli?<br \/>\nRaw-JPEG fark\u0131 ve ne zaman hangi format\u0131 kullanmal\u0131y\u0131z?<br \/>\nLens\/ Objektif bilgisi<\/p>\n<p><strong>Kurs i\u00e7in kat\u0131l\u0131mc\u0131lar\u0131n\u0131n dikkatine: Foto\u011fraf makineniz \u00fczerindeki t\u00fcm ayarlar\u0131n, <\/strong><br \/>\n<strong>uygulamal\u0131 e\u011fitimlerle peki\u015ftirilmesi esas ama\u00e7t\u0131r.<\/strong><\/p>\n<div id=\"attachment_828\" style=\"width: 610px\" class=\"wp-caption aligncenter\"><img loading=\"lazy\" decoding=\"async\" aria-describedby=\"caption-attachment-828\" class=\"wp-image-828 size-medium\" src=\"http:\/\/senolerdener.com\/vezamandurdu\/wp-content\/uploads\/75614-600x300.jpg\" alt=\"\" width=\"600\" height=\"300\" srcset=\"https:\/\/senolerdener.com\/vezamandurdu\/wp-content\/uploads\/75614-600x300.jpg 600w, https:\/\/senolerdener.com\/vezamandurdu\/wp-content\/uploads\/75614-1024x512.jpg 1024w, https:\/\/senolerdener.com\/vezamandurdu\/wp-content\/uploads\/75614-768x384.jpg 768w, https:\/\/senolerdener.com\/vezamandurdu\/wp-content\/uploads\/75614-508x254.jpg 508w, https:\/\/senolerdener.com\/vezamandurdu\/wp-content\/uploads\/75614.jpg 1200w\" sizes=\"auto, (max-width: 600px) 100vw, 600px\" \/><p id=\"caption-attachment-828\" class=\"wp-caption-text\">Foto\u011frafa keyifli bir ba\u015flang\u0131\u00e7 yap\u0131n, keyifli \u00e7ekimlere hep birlikte gidelim.<\/p><\/div>\n<p><strong>Verdi\u011fi di\u011fer kurslar<\/strong><\/p>\n<div>\n<div>Trabzon&#8217;da Foto\u011fraf\u00e7\u0131l\u0131k kursu<\/div>\n<div>\u0130leri d\u00fczey foto\u011fraf kursu<\/div>\n<div>Trabzon&#8217;da photoshop kursu<\/div>\n<div>D\u00fc\u011f\u00fcn foto\u011fraf\u00e7\u0131l\u0131\u011f\u0131 kursu<\/div>\n<div>Bebek foto\u011fraf\u00e7\u0131l\u0131\u011f\u0131 kursu<\/div>\n<div>Do\u011fum foto\u011fraf\u00e7\u0131l\u0131\u011f\u0131 kursu<\/div>\n<div>Do\u011fa Foto\u011fraf\u00e7\u0131l\u0131\u011f\u0131 kursu<\/div>\n<div>\u00d6zel g\u00fcn foto\u011fraf\u00e7\u0131l\u0131\u011f\u0131 kursu<\/div>\n<div>Mesleki foto\u011fraf\u00e7\u0131l\u0131k kursu<\/div>\n<div>Online foto\u011fraf\u00e7\u0131l\u0131k kursu<\/div>\n<\/div>\n<div><\/div>\n<p>&nbsp;<\/p>\n","protected":false},"excerpt":{"rendered":"<p>Trabzon\u2019da\u00a0\u00a0 Foto\u011fraf\u00e7\u0131l\u0131k\u00a0 KURSU Trabzonda foto\u011fraf\u00e7\u0131l\u0131k e\u011fitiminizi \u00f6zel olarak Foto\u011fraf sanat\u00e7\u0131s\u0131, tecr\u00fcbeli e\u011fitmen \u015eenol Erdener&#8217;den alabilirsiniz. Bu e\u011fitim temel foto\u011fraf\u00e7\u0131l\u0131k, foto\u011fraf makinesi hakimiyet sa\u011flay\u0131c\u0131 \u00a0detayl\u0131 ayarlar konular\u0131nda \u00d6ZEL dersler i\u00e7ermektedir. Unutmay\u0131n; Foto\u011fraf sevgisi yaratan B\u0130REB\u0130R \u00d6ZEL e\u011fitimdir. E\u011fitimler sizlerin tercihi ile size \u00f6zel tarihlerde de yap\u0131labilmektedir. 4 ki\u015fi ile s\u0131n\u0131rl\u0131 Paket e\u011fitimlerde en yak\u0131n tarihler ektedir: [&hellip;]<\/p>\n","protected":false},"author":2,"featured_media":0,"parent":0,"menu_order":0,"comment_status":"closed","ping_status":"closed","template":"","meta":{"footnotes":""},"class_list":["post-294","page","type-page","status-publish","hentry"],"_links":{"self":[{"href":"https:\/\/senolerdener.com\/vezamandurdu\/wp-json\/wp\/v2\/pages\/294","targetHints":{"allow":["GET"]}}],"collection":[{"href":"https:\/\/senolerdener.com\/vezamandurdu\/wp-json\/wp\/v2\/pages"}],"about":[{"href":"https:\/\/senolerdener.com\/vezamandurdu\/wp-json\/wp\/v2\/types\/page"}],"author":[{"embeddable":true,"href":"https:\/\/senolerdener.com\/vezamandurdu\/wp-json\/wp\/v2\/users\/2"}],"replies":[{"embeddable":true,"href":"https:\/\/senolerdener.com\/vezamandurdu\/wp-json\/wp\/v2\/comments?post=294"}],"version-history":[{"count":25,"href":"https:\/\/senolerdener.com\/vezamandurdu\/wp-json\/wp\/v2\/pages\/294\/revisions"}],"predecessor-version":[{"id":976,"href":"https:\/\/senolerdener.com\/vezamandurdu\/wp-json\/wp\/v2\/pages\/294\/revisions\/976"}],"wp:attachment":[{"href":"https:\/\/senolerdener.com\/vezamandurdu\/wp-json\/wp\/v2\/media?parent=294"}],"curies":[{"name":"wp","href":"https:\/\/api.w.org\/{rel}","templated":true}]}}