{"id":300,"date":"2017-05-17T11:04:06","date_gmt":"2017-05-17T08:04:06","guid":{"rendered":"http:\/\/senolerdener.com\/vezamandurdu\/?page_id=300"},"modified":"2020-06-06T12:46:02","modified_gmt":"2020-06-06T09:46:02","slug":"isikla-ileri-kompozisyon","status":"publish","type":"page","link":"https:\/\/senolerdener.com\/vezamandurdu\/isikla-ileri-kompozisyon\/","title":{"rendered":"I\u015eIKLA \u0130LER\u0130 KOMPOZ\u0130SYON"},"content":{"rendered":"<p>Foto\u011fraf sanat\u00e7\u0131s\u0131, tecr\u00fcbeli e\u011fitmen ve Fototim &amp; Trabzon FOTOGRAFEV\u0130 kurucusu \u015eenol Erdener;<br \/>\ntemel foto\u011fraf\u00e7\u0131l\u0131k kursu ve foto\u011fraf makinesi hakimiyetine sahip foto\u011fraf severlere \u0131\u015f\u0131k bilgisi, ileri kompozisyon e\u011fitim fark\u0131 ile kendinize \u00f6zg\u00fc kaliteli foto\u011fraflar \u00e7ekmenize yard\u0131mc\u0131 olacak uzun soluklu<br \/>\n\u00d6ZEL dersler vermeye devam ediyor.<br \/>\nUnutmay\u0131n; Foto\u011fraf sevgisi a\u015f\u0131layan tek e\u011fitim, \u00f6zel e\u011fitimdir.<\/p>\n<p><strong>\u00d6zel e\u011fitim plan\u0131n\u0131z\u0131 olu\u015fturmak i\u00e7in hemen aray\u0131n\u0131z: 05324089667<\/strong><\/p>\n<p>\u0130lgilenebilece\u011finiz di\u011fer foto\u011fraf\u00e7\u0131l\u0131k kurslar\u0131 hakk\u0131nda l\u00fctfen bilgi al\u0131n\u0131z.<\/p>\n<p>Foto\u011fraf\u00e7\u0131l\u0131k kariyerinizi g\u00fcvenle geli\u015ftirmenize yard\u0131mc\u0131 olacak size \u00f6zel mesleki foto\u011fraf kurslar da vard\u0131r.<\/p>\n<div id=\"attachment_823\" style=\"width: 610px\" class=\"wp-caption alignnone\"><img loading=\"lazy\" decoding=\"async\" aria-describedby=\"caption-attachment-823\" class=\"wp-image-823 size-medium\" src=\"http:\/\/senolerdener.com\/vezamandurdu\/wp-content\/uploads\/9--600x400.jpg\" alt=\"\" width=\"600\" height=\"400\" srcset=\"https:\/\/senolerdener.com\/vezamandurdu\/wp-content\/uploads\/9--600x400.jpg 600w, https:\/\/senolerdener.com\/vezamandurdu\/wp-content\/uploads\/9--1024x683.jpg 1024w, https:\/\/senolerdener.com\/vezamandurdu\/wp-content\/uploads\/9--768x512.jpg 768w, https:\/\/senolerdener.com\/vezamandurdu\/wp-content\/uploads\/9--1240x827.jpg 1240w, https:\/\/senolerdener.com\/vezamandurdu\/wp-content\/uploads\/9--508x339.jpg 508w, https:\/\/senolerdener.com\/vezamandurdu\/wp-content\/uploads\/9-.jpg 1348w\" sizes=\"auto, (max-width: 600px) 100vw, 600px\" \/><p id=\"caption-attachment-823\" class=\"wp-caption-text\">Ters \u0131\u015f\u0131k siluet<\/p><\/div>\n<div id=\"attachment_819\" style=\"width: 610px\" class=\"wp-caption alignnone\"><img loading=\"lazy\" decoding=\"async\" aria-describedby=\"caption-attachment-819\" class=\"wp-image-819 size-medium\" src=\"http:\/\/senolerdener.com\/vezamandurdu\/wp-content\/uploads\/4--600x400.jpg\" alt=\"\" width=\"600\" height=\"400\" srcset=\"https:\/\/senolerdener.com\/vezamandurdu\/wp-content\/uploads\/4--600x400.jpg 600w, https:\/\/senolerdener.com\/vezamandurdu\/wp-content\/uploads\/4--1024x683.jpg 1024w, https:\/\/senolerdener.com\/vezamandurdu\/wp-content\/uploads\/4--768x512.jpg 768w, https:\/\/senolerdener.com\/vezamandurdu\/wp-content\/uploads\/4--1240x827.jpg 1240w, https:\/\/senolerdener.com\/vezamandurdu\/wp-content\/uploads\/4--508x339.jpg 508w, https:\/\/senolerdener.com\/vezamandurdu\/wp-content\/uploads\/4-.jpg 1382w\" sizes=\"auto, (max-width: 600px) 100vw, 600px\" \/><p id=\"caption-attachment-819\" class=\"wp-caption-text\">G\u00fcn \u0131\u015f\u0131\u011f\u0131 ve \u00f6zel g\u00fcn \u00e7ekimleri<\/p><\/div>\n<div id=\"attachment_821\" style=\"width: 510px\" class=\"wp-caption alignnone\"><img loading=\"lazy\" decoding=\"async\" aria-describedby=\"caption-attachment-821\" class=\"wp-image-821 size-full\" src=\"http:\/\/senolerdener.com\/vezamandurdu\/wp-content\/uploads\/shutterstock_1562216161.jpg\" alt=\"\" width=\"500\" height=\"334\" \/><p id=\"caption-attachment-821\" class=\"wp-caption-text\">Do\u011fal \u0131\u015f\u0131kta \u00e7ocuk \u00e7ekimleri<\/p><\/div>\n<div id=\"attachment_822\" style=\"width: 510px\" class=\"wp-caption alignnone\"><img loading=\"lazy\" decoding=\"async\" aria-describedby=\"caption-attachment-822\" class=\"wp-image-822 size-full\" src=\"http:\/\/senolerdener.com\/vezamandurdu\/wp-content\/uploads\/shutterstock_352385927.jpg\" alt=\"\" width=\"500\" height=\"334\" \/><p id=\"caption-attachment-822\" class=\"wp-caption-text\">I\u015f\u0131k ve bebekler<\/p><\/div>\n<div id=\"attachment_804\" style=\"width: 410px\" class=\"wp-caption alignnone\"><img loading=\"lazy\" decoding=\"async\" aria-describedby=\"caption-attachment-804\" class=\"wp-image-804 size-medium\" src=\"http:\/\/senolerdener.com\/vezamandurdu\/wp-content\/uploads\/DSC01235-11--400x600.jpg\" alt=\"\" width=\"400\" height=\"600\" srcset=\"https:\/\/senolerdener.com\/vezamandurdu\/wp-content\/uploads\/DSC01235-11--400x600.jpg 400w, https:\/\/senolerdener.com\/vezamandurdu\/wp-content\/uploads\/DSC01235-11--768x1152.jpg 768w, https:\/\/senolerdener.com\/vezamandurdu\/wp-content\/uploads\/DSC01235-11--682x1024.jpg 682w, https:\/\/senolerdener.com\/vezamandurdu\/wp-content\/uploads\/DSC01235-11--508x762.jpg 508w, https:\/\/senolerdener.com\/vezamandurdu\/wp-content\/uploads\/DSC01235-11-.jpg 1097w\" sizes=\"auto, (max-width: 400px) 100vw, 400px\" \/><p id=\"caption-attachment-804\" class=\"wp-caption-text\">Model \u00e7ekimi ve farkl\u0131 \u0131\u015f\u0131klar<\/p><\/div>\n<div id=\"attachment_690\" style=\"width: 610px\" class=\"wp-caption alignnone\"><img loading=\"lazy\" decoding=\"async\" aria-describedby=\"caption-attachment-690\" class=\"wp-image-690 size-medium\" src=\"http:\/\/senolerdener.com\/vezamandurdu\/wp-content\/uploads\/34674982_10211661548310761_5316542305488863232_n-600x400.jpg\" alt=\"\" width=\"600\" height=\"400\" srcset=\"https:\/\/senolerdener.com\/vezamandurdu\/wp-content\/uploads\/34674982_10211661548310761_5316542305488863232_n-600x400.jpg 600w, https:\/\/senolerdener.com\/vezamandurdu\/wp-content\/uploads\/34674982_10211661548310761_5316542305488863232_n-768x512.jpg 768w, https:\/\/senolerdener.com\/vezamandurdu\/wp-content\/uploads\/34674982_10211661548310761_5316542305488863232_n-508x339.jpg 508w, https:\/\/senolerdener.com\/vezamandurdu\/wp-content\/uploads\/34674982_10211661548310761_5316542305488863232_n.jpg 960w\" sizes=\"auto, (max-width: 600px) 100vw, 600px\" \/><p id=\"caption-attachment-690\" class=\"wp-caption-text\">Belgesel \u00e7ekimlerde \u0131\u015f\u0131k kullan\u0131m\u0131<\/p><\/div>\n<p>\u015eenol Erdener&#8217;in verdi\u011fi di\u011fer e\u011fitimler\/kurslar<\/p>\n<div>\n<div>Foto\u011fraf\u00e7\u0131l\u0131k kursu<\/div>\n<div>\u00d6zel Foto\u011fraf kursu<\/div>\n<div>Trabzon&#8217;da foto\u011fraf kursu<\/div>\n<div>Trabzon&#8217;da Foto\u011fraf\u00e7\u0131l\u0131k kursu<\/div>\n<div>Temel foto\u011fraf\u00e7\u0131l\u0131k kursu<\/div>\n<div>Trabzon&#8217;da photoshop kursu<\/div>\n<div>D\u00fc\u011f\u00fcn foto\u011fraf\u00e7\u0131l\u0131\u011f\u0131 kursu<\/div>\n<div>Bebek foto\u011fraf\u00e7\u0131l\u0131\u011f\u0131 kursu<\/div>\n<div>Do\u011fum foto\u011fraf\u00e7\u0131l\u0131\u011f\u0131 kursu<\/div>\n<div>Do\u011fa Foto\u011fraf\u00e7\u0131l\u0131\u011f\u0131 kursu<\/div>\n<div>\u00d6zel g\u00fcn foto\u011fraf\u00e7\u0131l\u0131\u011f\u0131 kursu<\/div>\n<div>Mesleki foto\u011fraf\u00e7\u0131l\u0131k kursu<\/div>\n<div>Online foto\u011fraf\u00e7\u0131l\u0131k kursu<\/div>\n<\/div>\n<div><\/div>\n<p>&nbsp;<\/p>\n","protected":false},"excerpt":{"rendered":"<p>Foto\u011fraf sanat\u00e7\u0131s\u0131, tecr\u00fcbeli e\u011fitmen ve Fototim &amp; Trabzon FOTOGRAFEV\u0130 kurucusu \u015eenol Erdener; temel foto\u011fraf\u00e7\u0131l\u0131k kursu ve foto\u011fraf makinesi hakimiyetine sahip foto\u011fraf severlere \u0131\u015f\u0131k bilgisi, ileri kompozisyon e\u011fitim fark\u0131 ile kendinize \u00f6zg\u00fc kaliteli foto\u011fraflar \u00e7ekmenize yard\u0131mc\u0131 olacak uzun soluklu \u00d6ZEL dersler vermeye devam ediyor. Unutmay\u0131n; Foto\u011fraf sevgisi a\u015f\u0131layan tek e\u011fitim, \u00f6zel e\u011fitimdir. \u00d6zel e\u011fitim plan\u0131n\u0131z\u0131 olu\u015fturmak [&hellip;]<\/p>\n","protected":false},"author":2,"featured_media":0,"parent":0,"menu_order":0,"comment_status":"closed","ping_status":"closed","template":"","meta":{"footnotes":""},"class_list":["post-300","page","type-page","status-publish","hentry"],"_links":{"self":[{"href":"https:\/\/senolerdener.com\/vezamandurdu\/wp-json\/wp\/v2\/pages\/300","targetHints":{"allow":["GET"]}}],"collection":[{"href":"https:\/\/senolerdener.com\/vezamandurdu\/wp-json\/wp\/v2\/pages"}],"about":[{"href":"https:\/\/senolerdener.com\/vezamandurdu\/wp-json\/wp\/v2\/types\/page"}],"author":[{"embeddable":true,"href":"https:\/\/senolerdener.com\/vezamandurdu\/wp-json\/wp\/v2\/users\/2"}],"replies":[{"embeddable":true,"href":"https:\/\/senolerdener.com\/vezamandurdu\/wp-json\/wp\/v2\/comments?post=300"}],"version-history":[{"count":10,"href":"https:\/\/senolerdener.com\/vezamandurdu\/wp-json\/wp\/v2\/pages\/300\/revisions"}],"predecessor-version":[{"id":866,"href":"https:\/\/senolerdener.com\/vezamandurdu\/wp-json\/wp\/v2\/pages\/300\/revisions\/866"}],"wp:attachment":[{"href":"https:\/\/senolerdener.com\/vezamandurdu\/wp-json\/wp\/v2\/media?parent=300"}],"curies":[{"name":"wp","href":"https:\/\/api.w.org\/{rel}","templated":true}]}}